e highest common divisor of y and 58?
29
Let s(a) = -a**2 + 20*a - 44. Let j = -58 + 74. Let h be s(j). Calculate the highest common factor of 2 and h.
2
Let h(q) = 3*q + 19. Suppose 0 = -2*z - 3*d + 11, -z + 16 = -d + 23. Let o be h(z). Calculate the highest common factor of 39 and o.
13
Let d(v) = 18*v - 9. Suppose 3*l = -5*z + 23, z - 5*l - 19 = -2*l. Let o be d(z). Let x = -72 + o. What is the greatest common divisor of 9 and x?
9
Suppose -5*d - 2 = -5*m + 3, 10 = -d + 4*m. Let k(z) = -z + 32. Let y be k(d). What is the highest common factor of 390 and y?
30
Let a be (80 - -32) + (-10 - 1). Calculate the highest common divisor of 1414 and a.
101
Suppose -o + 114 = 29*z - 31*z, 0 = o + 2*z - 126. Calculate the greatest common factor of o and 1350.
30
Let n = -374 - -158. Let c = n + 140. Let s = -62 - c. Calculate the highest common divisor of s and 154.
14
Let v be (-2)/((-4475)/(-640) - 7). What is the greatest common factor of 10368 and v?
128
Let j(s) = s**3 - 37*s**2 + 2*s - 102. Let n be j(37). Let d = n + 187. What is the highest common divisor of 265 and d?
53
Suppose -269 = -4*h + 5*r, -2*r + 7 = -h + 75. Calculate the highest common divisor of h and 1419.
33
Let x(f) = -2*f + 64. Let g be x(31). Suppose g*n + 58 = 184. What is the highest common divisor of n and 84?
21
Let g = 338 + -319. Suppose -3*m + 3*y + 90 = 0, g*y = -4*m + 20*y + 120. Calculate the greatest common factor of 40 and m.
10
Let d = 10137 + -8522. Calculate the greatest common divisor of d and 950.
95
Suppose 2*f = 5*z + 90 - 257, -2*f = z - 43. Let b(j) = 3*j + 15. Let i be b(-6). Let d be i/(-4) + 2228/16. Calculate the greatest common factor of d and z.
35
Let d be 21/12 + (-7)/(-28). Suppose -d*v = -8, -5*n + 3*v = 4*v - 814. Let q be (-27)/n + (-386)/(-12). What is the highest common divisor of 48 and q?
16
Suppose -118 + 122 = b. Suppose 15*a + b*a = 2736. Calculate the highest common divisor of 18 and a.
18
Let t(y) = y**3 - 7*y**2 + 7*y - 2. Let m = 46 - 40. Let d be t(m). Let o(g) = -g**2 - 5*g + 12. Let f be o(0). What is the greatest common divisor of d and f?
4
Let c = 613 - -923. What is the highest common factor of c and 240?
48
Let n(i) = 2*i**2 + 5*i - 19. Let z = 57 - 53. Suppose -10*c = -z*c + 42. Let p be n(c). Calculate the greatest common factor of 396 and p.
44
Let l(z) = 218*z**2 - 896*z + 3. Let o be l(5). What is the highest common divisor of o and 7?
7
Let m(i) = i**3 + 9*i**2 + 72*i + 824. Let r be m(-10). Calculate the highest common factor of 22516 and r.
4
Let n be ((-40635)/1806)/((2/8)/(18/(-4))). Suppose 4*v - 5*u - 155 = 0, 4*v - 148 = 2*u + 22. What is the greatest common factor of n and v?
45
Suppose 179*u = -3*m + 184*u + 657, -m - u = -227. What is the highest common factor of m and 2128?
112
Suppose -7811 + 797 = -14*x. Suppose -20*c + 99 + x = 0. What is the highest common divisor of c and 102?
6
Suppose -5*l + 96 + 3 = 3*d, d - 33 = -2*l. What is the highest common divisor of 6303 and d?
33
Suppose 28 + 38 = 20*y - 114. What is the highest common divisor of 52002 and y?
9
Let a(b) = b**3 + 21*b**2 - 44*b + 42. Let l be a(-23). Let w be (-45)/(-30) + (-2)/l. What is the greatest common divisor of 34 and w?
2
Let x = 33 - -9. Let l = -816 - -1040. Calculate the highest common divisor of x and l.
14
Let f = 634 - 440. Let i = 337 - f. Calculate the greatest common divisor of 39 and i.
13
Suppose 129*j - 224389 = 20*j + 25875. What is the greatest common divisor of j and 8?
8
Suppose 8*c = -4*k + 7*c + 1064, 0 = 4*k - c - 1072. Let t = k + -255. Calculate the greatest common divisor of t and 156.
12
Suppose 27*x - 24495 = -328*x. Let q = -6 - -9. What is the greatest common factor of q and x?
3
Suppose -12 + 42 = 6*k. Suppose 5*s = j, j = 5*s + k*j. Suppose -2*i + s = 4*q - 84, -3*q - 3 = 0. What is the greatest common factor of 11 and i?
11
Suppose 4*m - 7*m = -6. Suppose -4*v - 8 = 2*n, m*v + 5 + 5 = 0. Calculate the highest common divisor of n and 6.
6
Let h(q) = -q**2 - 5*q + 19. Let i be h(-6). Suppose -3*t + i*t + 1000 = 0. Let o be ((-12)/(-5))/(8/t*-5). What is the greatest common divisor of o and 36?
6
Suppose -206 - 1166 = -72*z + 500. Calculate the greatest common divisor of 4069 and z.
13
Suppose -j = -5*m - 6*j + 4620, 4*m - 3690 = -2*j. Let t be 2 + m/15 - 4/10. Let z be (12/(-15))/(-2) + t/5. What is the greatest common divisor of z and 65?
13
Let v = -171 + -159. Let z be (v/99)/(2/(-24)). Let y = -64 + 104. What is the highest common factor of z and y?
40
Suppose -5*m + 4097 = -3*k + 377, -6*m + 5*k + 4457 = 0. Calculate the greatest common factor of m and 83.
83
Suppose 112 = s + 5*b, -31*s + 27*s - 5*b = -418. Suppose 0 = -s*j + 108*j - 1080. Calculate the greatest common factor of j and 120.
60
Let q be (-6)/3 - (19860 + 122)*(-2)/4. Calculate the greatest common divisor of 7 and q.
7
Let z be 977 - (-3 + 9 + -4 + -11). What is the greatest common divisor of 464 and z?
58
Let o be ((-6)/5)/((-258005)/18425 + 13 + 1). Calculate the greatest common divisor of o and 9.
3
Let y = -1698 + 1728. What is the highest common factor of 42270 and y?
30
Suppose -104*n + 587106 = -1274598. Calculate the highest common divisor of 81 and n.
81
Suppose 3*s = -m + 15735 + 2285, 0 = -2*s + 5*m + 12036. Calculate the highest common factor of s and 8.
8
Let a(b) = -26. Let y(m) = 2*m - 1. Let x(g) = -2*a(g) + 52*y(g). Let h be x(2). Calculate the highest common factor of h and 156.
52
Let r(u) = -2*u**3 + 26*u**2 + 4. Let x be r(13). What is the highest common divisor of 118 and x?
2
Let q(a) = 90*a**2 - 190*a - 897. Let s be q(-5). What is the highest common factor of s and 98?
49
Suppose 1624 = 8*m - 88. Let k = -141 + m. Suppose 0*j + k = 3*u + j, 0 = 2*u - 5*j - 60. Calculate the greatest common divisor of u and 75.
25
Let f = -66 + 90. Suppose 28*g - 144 = f*g. Calculate the highest common factor of 72 and g.
36
Let q(w) = w**2 + 11*w + 21. Let t be q(-3). Let j be 72/32 - t/(-12). What is the highest common factor of 84 and j?
2
Suppose -127 + 131 = -2*m. Let a be m/(-6) - (6 + (-103820)/(-6)). Let l be a/(-95) + 1/(-5). What is the greatest common factor of l and 14?
14
Let m = 41029 - 38904. What is the highest common divisor of m and 1360?
85
Suppose -24*u = -211600 + 76432. Calculate the greatest common divisor of 77 and u.
11
Suppose -147 = -i + 4*b - 37, i - 115 = 3*b. Suppose 0 = -3*y - 3 + 33. Calculate the greatest common factor of i and y.
10
Let r = 22 - -210. Suppose 3*d = -3*w + 528, 4*w - 828 = 4*d - 140. What is the greatest common divisor of r and w?
58
Let z = 6743 + -2463. Calculate the greatest common factor of z and 16.
8
Let c(n) = 1259*n**3 - 20*n + 30. Let o be c(2). What is the greatest common divisor of 9 and o?
9
Suppose 18*c + 367 = -893. Let i = -30 - c. Calculate the highest common divisor of 72 and i.
8
Let q = -1141 + 2243. Suppose 45*j - q - 653 = 0. Calculate the highest common factor of j and 143.
13
Let m(y) = -y**3 + 14*y**2 - 12*y - 24. Let a be m(6). What is the highest common factor of a and 66?
6
Let k(g) = -34*g + 106. Let x be k(3). Let a(m) = -m - 2*m**2 + 4 + 3*m + 6*m. Let q be a(x). Calculate the greatest common factor of 10 and q.
2
Suppose 5*x = 234 + 466. Let s = x + -75. Let n(p) = 190*p + 1913. Let d be n(-10). Calculate the highest common factor of s and d.
13
Suppose -1230 = 14*c - 20*c. Let o = c - 161. Calculate the highest common factor of o and 55.
11
Suppose 157*j - 152 = -183 + 816. Suppose -3*o + 59 = -0*o + 4*n, 2*o - n = 32. Calculate the greatest common factor of j and o.
1
Suppose 725205 = 4091*v + 222012. Let x = -92 - -257. Let s = x - 83. Calculate the greatest common divisor of s and v.
41
Let g be 6745/11 + (-26)/143. Let j = -288 + g. Calculate the highest common factor of j and 26.
13
Let o be (12366/(-4))/((-7209)/(-270) - 27). What is the highest common factor of 30 and o?
15
Let u = -8 - -18. Suppose 0 = -b - 5, 9*d = 14*d + 2*b - 90. Calculate the greatest common factor of d and u.
10
Let q be (10/(-5))/((-469459)/78218 - (-1 - 5)). Calculate the greatest common factor of q and 28.
28
Let f = -6368 + 12026. Calculate the highest common divisor of f and 164.
82
Let z(f) = 13*f - 2. Let q be z(5). Let p = 100260 - 100246. What is the highest c